7*k - 7. Let y be m(-1). Let u = y - -1298. Is u a prime number?
True
Let t = -42 - -55. Suppose 2*f - 1279 = -3*l, 3*l - t + 4 = 0. Is f a prime number?
False
Let t(k) = k**3 + 3*k + 2. Let g be t(4). Suppose -5*i + 623 = g. Is (1 - -2)*-1 + i composite?
True
Let q(y) = 3*y**2 - y**2 + 3*y - 5*y**2 + 206*y**3. Is q(2) a composite number?
True
Suppose -3*y = -0*g - 5*g + 8456, -3*y = -9. Is g prime?
True
Let a = -2 + -8. Let g be 15/a + 2/(-4). Is ((-1)/g)/((-6)/(-1164)) prime?
True
Let f(l) = -l**3 - 4*l**2 + 3*l + 2. Let k be f(-6). Let g(v) = v**3 + 4*v**2 + v + 1. Let a be g(-4). Is -3 + (a - (-3 - k)) prime?
True
Let y = -333 - -264. Let q = 104 + -147. Let d = q - y. Is d a composite number?
True
Let i be 2*1/4*6. Suppose -2*r - 3*t - 384 = -1185, i*r - 1199 = -4*t. Is r a prime number?
False
Let v(a) = 2*a - 30. Let b be v(15). Suppose b = -2*m + 325 + 149. Is m a prime number?
False
Let k(j) = 12*j**3 - 2*j**2 - 2*j - 6. Let n be k(-6). Let s = 1747 + n. Let r = s - -1390. Is r prime?
True
Let u(n) = -n**3 + 3*n**2 - 2. Let s(r) = -2*r**3 - r - 1. Let j be s(-1). Let i be u(j). Is (-5556)/(-14) - i/(-14) a composite number?
False
Let l = -30 - -33. Suppose 0 = -l*k - 3*k + 2478. Is k prime?
False
Let i = -6380 + 55231. Is i a prime number?
False
Let b = -6 - 0. Let t(i) = -3053*i - 2. Let c be t(1). Is c/(-78) - (-1)/b a prime number?
False
Suppose -t = 2*t + 2*o - 13, 0 = -3*o + 6. Suppose 0 = l - 2*j + 7, 2*j - 16 = l - t*j. Let p(v) = 203*v**2 + v + 1. Is p(l) a composite number?
True
Suppose 2*w - 141 - 453 = 0. Suppose -5*j + w = -808. Is j composite?
True
Let v = -10 + 11. Let b = v - -6. Let i(r) = -r**3 + 12*r**2 - 4*r + 6. Is i(b) prime?
True
Suppose -4*q - 3*a + 34 = 0, 2*a - 7 = -3. Suppose 9*j = q*j + 5102. Is j prime?
True
Suppose j = 2*v + 219, 5*v - 219 = 2*j - 3*j. Is j - (48/(-26) + 8/(-52)) a composite number?
True
Let n(g) = -g**2 - 4*g + 2. Suppose -z = 2 + 2. Let c be n(z). Suppose -4*a - h = -c*a - 71, -a + 40 = -h. Is a composite?
False
Suppose -5*v - 17 = -a, -4*a + 5 = -5*v - 18. Suppose 0 = -a*q - 2*s + 12, 3*q - 13 = -2*s + 9. Is (-247)/(-7) + q/(-35) prime?
False
Let y = -8662 - -13820. Is y a composite number?
True
Is (-6)/(-3)*((-3071375)/(-10))/25 a composite number?
False
Let m(c) = -c**3 - c**2 + 2*c + 160. Let b be m(0). Suppose 0 = -2*j - b + 582. Is j composite?
False
Let c(z) = z**2 + 5*z - 1. Let m be c(-6). Suppose q - 26958 = -m*q. Is q prime?
True
Let v be 10/25 + 967/(-5). Let d = -107 - v. Is d a prime number?
False
Let d = 25 + -19. Is 4/16*4 + d composite?
False
Let a = -5536 - -7785. Is a a composite number?
True
Suppose 3*m = -5*k + 8127, -9*m + 12 = -6*m. Is k composite?
True
Suppose q = -5*x + 199610 - 39709, -2*q = -3*x - 319828. Is q composite?
False
Let u be (7/(-2))/(5/(-10)). Suppose -u*b + 6038 = -5*b. Is b composite?
False
Let h(x) = -x**2 + 8*x - 12. Let n be h(6). Let t(g) = -g + 287 - 5*g + 7*g. Is t(n) composite?
True
Let r(b) = b**3 + b**2. Let k be r(1). Let i be (-3 - 21/(-9))/(2/(-159)). Suppose -i = -k*q + 9. Is q prime?
True
Let g(w) = -10*w + 530 + 8*w + 125 + w**3. Is g(0) prime?
False
Let f(l) = 44*l**2 - 25*l + 13. Is f(-4) composite?
True
Suppose 17641 = 3*v + 10*v. Is v composite?
True
Let u(i) = -4*i + i + 4*i + 392 - i**2 + 0*i**2. Let t be u(0). Suppose -2*q + 302 = -t. Is q composite?
False
Let z(a) = -3*a - 898 + 907 - a + 2*a**2. Is z(7) a prime number?
True
Let o = 40 + -51. Is (o - -10)/(1/(-571)) a prime number?
True
Suppose 5*n + 9 = 4*m, -3*n - 14 = m - n. Let z(d) = -238*d + 3. Is z(m) a prime number?
False
Let u be 5/(-10)*(-8 - 0). Suppose -3*g - u = g. Is 204 - (g - (-1 - 1)) prime?
False
Let a be (0 - -4) + (-3 - -4). Let j = 113 + a. Is j composite?
True
Suppose 302 = 3*t - y, 2*y + 190 = 2*t + 7*y. Suppose 34 = 2*m - t. Is m composite?
False
Suppose -6*u = -375304 - 123122. Is u prime?
True
Let n(z) = z**2 - 12*z + 13 - 4*z**2 + 2 - 1. Let f be n(12). Is f/(-18) + 12/(-54) composite?
False
Suppose -12*a + 4*a + 209544 = 0. Is a a prime number?
False
Suppose -4*v = -55947 - 24697. Is v composite?
False
Let i = 25 - 39. Is 2/(-4) + (-5873)/i prime?
True
Let r = -796 + 14985. Is r a composite number?
True
Suppose -3*q + 22791 = -3*v - v, v + 22782 = 3*q. Is q composite?
True
Let n(o) = -1630*o + 17. Is n(-2) composite?
True
Let q = 2922 + -589. Is q a composite number?
False
Suppose 2 + 8 = 2*n. Suppose 10 = 11*a - 23. Suppose -a*z = -6*b + 3*b + 3510, 5815 = n*b + 2*z. Is b a prime number?
False
Suppose -7*p = -1550 - 31763. Is p a prime number?
True
Let c(o) = -2*o - 4. Let t(m) = -m**2 + 12*m + 10. Let g be t(13). Let i be c(g). Is ((-9)/(-3) + i)*7 composite?
True
Suppose 5*y - 2 = -5*f + 3, 4*f - 3*y = 32. Suppose 14 - f = 3*l. Is ((-2)/6)/(l/(-5013)) composite?
False
Let d(y) = y**3 - 12*y**2 + y - 13. Let v be d(12). Is v/(2334/(-2333) - -1) prime?
True
Suppose 16 = -4*u, 4*u + 4 = -2*y - 6. Suppose s + 4*s - 1256 = -4*p, -937 = -3*p - 5*s. Is p/y - (-6)/(-18) prime?
False
Let u = -1364 - -4753. Is u prime?
True
Suppose -4*m = 1162 - 4794. Suppose -2*p = 2*o - m, -4*o + 2 + 18 = 0. Is p prime?
True
Suppose 2*x + 63 = 359. Suppose -5*p = x - 943. Is p a prime number?
False
Let n be -5 + (11 - (6 - 3)). Suppose 2*q - 1268 = 2*g, -2*g + 3 = -n*g. Is q prime?
True
Suppose 0 = -2*o + 6*o + 120. Is (10/o)/((-1)/879) prime?
True
Suppose -2*h - 19561 = -q, 8*q - 97826 = 3*q + 3*h. Is q a prime number?
False
Suppose 2*b = -4*u + 52, -u = -b + 2*b - 12. Let o = u + -9. Suppose 0 = -2*h - 4*l + 94, -5*l + 0*l + 255 = o*h. Is h composite?
True
Let y be (2/(-2))/2*-16. Suppose 2*v = 14 - y. Suppose -v = 3*s, -k + 206 = -6*s + 5*s. Is k prime?
False
Let i(c) = 48*c**3 - c**2 - 8*c + 16. Is i(5) composite?
True
Let n(g) = -1678*g - 167. Is n(-6) a composite number?
False
Suppose -5*g - 6 + 16 = 0. Suppose -g*z + z = 2*v - 8, -4*v = -5*z - 2. Suppose 93 = v*h - 0*h. Is h prime?
True
Suppose 7*o + 40818 = 115627. Is o prime?
True
Let i = 38181 - 15952. Is i composite?
False
Suppose -3*j = -60 - 42. Let f be 4/(-16) - j/(-8). Suppose 2*m - f*m + 422 = 0. Is m a composite number?
False
Let i = -10 + 28. Let p = -16 + i. Suppose 57 = t + p*t. Is t prime?
True
Let d(z) = 134*z - 535. Is d(28) a composite number?
False
Let b(y) = y**2 - 7*y. Let d be b(7). Suppose -a = -d*a + 2. Is 1/(-1) - 44/a a composite number?
True
Let y = 10360 + -7361. Is y prime?
True
Suppose 0 = -11*c + 17*c - 16410. Is c a prime number?
False
Let h = 3035 - 216. Is h composite?
False
Suppose 2*w - 3*t - 10843 = 0, -2*w - 4*t - 1959 = -12767. Let a = -3619 + w. Is a prime?
False
Let r be (96/8)/(1 + 0). Let b be (212/(-16))/((-3)/r). Suppose -b = -5*m + 162. Is m a prime number?
True
Let x = 45654 - 26705. Is x a composite number?
True
Let q(l) = -l**3 + 6*l**2 - 5*l - 5. Let c be q(5). Let g be c*(5 - 4)*1. Let n(t) = 13*t**2 - 3*t - 6. Is n(g) a composite number?
True
Let c(w) = -w**3 + 47*w**2 + 54*w - 103. Is c(48) a composite number?
True
Suppose 0 = -v - 3*i + 7409, 4*v + 17*i = 22*i + 29602. Is v prime?
False
Suppose -20 = 5*a, 4*g + 0*a = 5*a + 28. Suppose -5*b + 509 + 754 = 2*m, g*b + 2*m = 510. Is b composite?
False
Let d = -7942 + 12098. Let m = d + -2894. Is (m/2)/(-8 + 9) a composite number?
False
Let w(m) = 424*m + 17. Is w(2) composite?
True
Suppose -8*x + 33467 = -5*x + 4*i, 2*x - 22303 = -i. Is x prime?
True
Let d(z) = -z**3 - 8*z**2 - 10*z + 9. Let t be d(-6). Is (63/42)/(t/(-4918)) a prime number?
True
Let z be (-2*(-6 - 5))/((-2)/(-40)). Suppose z - 1261 = -m. Is m prime?
True
Let w(y) = 3*y**2 + 1 - 2 + 0. Let c be w(4). Let q = c + 6. Is q a prime number?
True
Suppose 3*q = 5*n + 4*q + 50, -3*n - 2 = -5*q. Is (n/(-27))/(1/978) prime?
False
Suppose -9*q + 33519 = 13503. Let j = q - 1361. Is j composite?
False
Suppose 5*y = 4*b + 304, -5*b - 67 = -4*b + y. Let f = -16 - b. Is f composite?
True
Suppose 2*g - 20760 = 4*d, -4*d = 5*g + 28408 - 7648. Let i = -1825 - d. Is i a prime number?
False
Let o be 1 - (-2 - -2 - 2). Suppose -o*m + 374 = -m. Is m composite?
True
Suppose 2 = 2*p - l - 1, 0 = 3*p + l - 12. Suppose 0 = -p*c + 4934 + 3682. Let d = c - 1901. Is d composite?
False
Suppose -129748 = -11*h - 10959. Is h prime?
True
Let n = -10107 - -21652. Is n a composi